{"id":1717,"date":"2025-02-09T15:12:18","date_gmt":"2025-02-09T14:12:18","guid":{"rendered":"https:\/\/tso-art.com\/?page_id=1717"},"modified":"2025-02-09T15:25:05","modified_gmt":"2025-02-09T14:25:05","slug":"banana-yoshimoto-kitchen","status":"publish","type":"page","link":"https:\/\/tso-art.com\/?page_id=1717","title":{"rendered":"Banana Yoshimoto"},"content":{"rendered":"\t\t<div data-elementor-type=\"wp-page\" data-elementor-id=\"1717\" class=\"elementor elementor-1717\" data-elementor-post-type=\"page\">\n\t\t\t\t<div class=\"elementor-element elementor-element-a303ab3 e-flex e-con-boxed e-con e-parent\" data-id=\"a303ab3\" data-element_type=\"container\" data-e-type=\"container\">\n\t\t\t\t\t<div class=\"e-con-inner\">\n\t\t\t\t<div class=\"elementor-element elementor-element-c47a447 elementor-widget__width-initial elementor-widget elementor-widget-image\" data-id=\"c47a447\" data-element_type=\"widget\" data-e-type=\"widget\" data-widget_type=\"image.default\">\n\t\t\t\t<div class=\"elementor-widget-container\">\n\t\t\t\t\t\t\t\t\t\t\t\t\t\t\t<img fetchpriority=\"high\" decoding=\"async\" width=\"666\" height=\"1024\" src=\"https:\/\/tso-art.com\/wp-content\/uploads\/2025\/02\/9788807884603_92_1000_0_75-666x1024.jpg\" class=\"attachment-large size-large wp-image-1720\" alt=\"\" srcset=\"https:\/\/tso-art.com\/wp-content\/uploads\/2025\/02\/9788807884603_92_1000_0_75-666x1024.jpg 666w, https:\/\/tso-art.com\/wp-content\/uploads\/2025\/02\/9788807884603_92_1000_0_75-195x300.jpg 195w, https:\/\/tso-art.com\/wp-content\/uploads\/2025\/02\/9788807884603_92_1000_0_75-768x1181.jpg 768w, https:\/\/tso-art.com\/wp-content\/uploads\/2025\/02\/9788807884603_92_1000_0_75-999x1536.jpg 999w, https:\/\/tso-art.com\/wp-content\/uploads\/2025\/02\/9788807884603_92_1000_0_75.jpg 1000w\" sizes=\"(max-width: 666px) 100vw, 666px\" \/>\t\t\t\t\t\t\t\t\t\t\t\t\t\t\t<\/div>\n\t\t\t\t<\/div>\n\t\t\t\t\t<\/div>\n\t\t\t\t<\/div>\n\t\t<div class=\"elementor-element elementor-element-064538e e-flex e-con-boxed e-con e-parent\" data-id=\"064538e\" data-element_type=\"container\" data-e-type=\"container\">\n\t\t\t\t\t<div class=\"e-con-inner\">\n\t\t\t\t<div class=\"elementor-element elementor-element-63399d1 elementor-widget elementor-widget-heading\" data-id=\"63399d1\" data-element_type=\"widget\" data-e-type=\"widget\" data-widget_type=\"heading.default\">\n\t\t\t\t<div class=\"elementor-widget-container\">\n\t\t\t\t\t<h2 class=\"elementor-heading-title elementor-size-default\">Banana Yoshimoto: Kitchen<\/h2>\t\t\t\t<\/div>\n\t\t\t\t<\/div>\n\t\t\t\t\t<\/div>\n\t\t\t\t<\/div>\n\t\t<div class=\"elementor-element elementor-element-c0a978e e-flex e-con-boxed e-con e-parent\" data-id=\"c0a978e\" data-element_type=\"container\" data-e-type=\"container\">\n\t\t\t\t\t<div class=\"e-con-inner\">\n\t\t\t\t<div class=\"elementor-element elementor-element-566cb88 elementor-widget elementor-widget-text-editor\" data-id=\"566cb88\" data-element_type=\"widget\" data-e-type=\"widget\" data-widget_type=\"text-editor.default\">\n\t\t\t\t<div class=\"elementor-widget-container\">\n\t\t\t\t\t\t\t\t\t<h5><strong>[&#8230;] Per\u00f2 chi nella vita non conosce almeno una volta la disperazione e non capisce quali cose valgano veramente, diventa adulto senza avere mai capito che cosa sia veramente la gioia. Io sono stata fortunata.<\/strong><\/h5>\t\t\t\t\t\t\t\t<\/div>\n\t\t\t\t<\/div>\n\t\t\t\t\t<\/div>\n\t\t\t\t<\/div>\n\t\t<div class=\"elementor-element elementor-element-3680b4c e-flex e-con-boxed e-con e-parent\" data-id=\"3680b4c\" data-element_type=\"container\" data-e-type=\"container\">\n\t\t\t\t\t<div class=\"e-con-inner\">\n\t\t\t\t<div class=\"elementor-element elementor-element-a99a2f3 elementor-widget__width-initial elementor-widget elementor-widget-image\" data-id=\"a99a2f3\" data-element_type=\"widget\" data-e-type=\"widget\" data-widget_type=\"image.default\">\n\t\t\t\t<div class=\"elementor-widget-container\">\n\t\t\t\t\t\t\t\t\t\t\t\t\t\t\t<img decoding=\"async\" width=\"800\" height=\"520\" src=\"https:\/\/tso-art.com\/wp-content\/uploads\/2025\/02\/Banana-Yoshimoto-1024x666.jpg\" class=\"attachment-large size-large wp-image-1721\" alt=\"\" srcset=\"https:\/\/tso-art.com\/wp-content\/uploads\/2025\/02\/Banana-Yoshimoto-1024x666.jpg 1024w, https:\/\/tso-art.com\/wp-content\/uploads\/2025\/02\/Banana-Yoshimoto-300x195.jpg 300w, https:\/\/tso-art.com\/wp-content\/uploads\/2025\/02\/Banana-Yoshimoto-768x500.jpg 768w, https:\/\/tso-art.com\/wp-content\/uploads\/2025\/02\/Banana-Yoshimoto.jpg 1200w\" sizes=\"(max-width: 800px) 100vw, 800px\" \/>\t\t\t\t\t\t\t\t\t\t\t\t\t\t\t<\/div>\n\t\t\t\t<\/div>\n\t\t\t\t\t<\/div>\n\t\t\t\t<\/div>\n\t\t<div class=\"elementor-element elementor-element-e9b873c e-flex e-con-boxed e-con e-parent\" data-id=\"e9b873c\" data-element_type=\"container\" data-e-type=\"container\">\n\t\t\t\t\t<div class=\"e-con-inner\">\n\t\t\t\t<div class=\"elementor-element elementor-element-121f051 elementor-widget elementor-widget-text-editor\" data-id=\"121f051\" data-element_type=\"widget\" data-e-type=\"widget\" data-widget_type=\"text-editor.default\">\n\t\t\t\t<div class=\"elementor-widget-container\">\n\t\t\t\t\t\t\t\t\t<h6><em><b>Kitchen<\/b><\/em> \u00e8 il romanzo d\u2019esordio di Banana Yoshimoto, pubblicato nel 1988 e rapidamente diventato un successo internazionale. L&#8217;opera, con uno stile minimalista e poetico tipico dell\u2019autrice.<\/h6><h6>La protagonista, Mikage Sakurai, \u00e8 una giovane donna che, dopo la morte della nonna \u2013 sua unica parente rimasta \u2013, si ritrova completamente sola. Accolta nella casa di Yuichi e di sua madre, che in realt\u00e0 \u00e8 il padre, una donna transgender, Mikage trova nella cucina il suo spazio di conforto, simbolo di un\u2019intimit\u00e0 domestica che le permette di elaborare il dolore. La narrazione segue il suo percorso di crescita personale, scandito da incontri, separazioni e piccole epifanie che la porteranno a riscoprire se stessa.<\/h6><h6>Uno dei temi centrali del libro \u00e8 la cucina come metafora della vita e della cura reciproca. Il cibo diventa un legame tra i personaggi, un mezzo per esprimere affetto e condivisione, sottolineando il valore dei piccoli gesti quotidiani nella costruzione di un\u2019esistenza significativa.<\/h6>\t\t\t\t\t\t\t\t<\/div>\n\t\t\t\t<\/div>\n\t\t\t\t\t<\/div>\n\t\t\t\t<\/div>\n\t\t<div class=\"elementor-element elementor-element-6304b4b e-flex e-con-boxed e-con e-parent\" data-id=\"6304b4b\" data-element_type=\"container\" data-e-type=\"container\">\n\t\t\t\t\t<div class=\"e-con-inner\">\n\t\t\t\t<div class=\"elementor-element elementor-element-acc2e1c elementor-widget__width-initial elementor-widget elementor-widget-image\" data-id=\"acc2e1c\" data-element_type=\"widget\" data-e-type=\"widget\" data-widget_type=\"image.default\">\n\t\t\t\t<div class=\"elementor-widget-container\">\n\t\t\t\t\t\t\t\t\t\t\t\t\t\t\t<img decoding=\"async\" width=\"800\" height=\"543\" src=\"https:\/\/tso-art.com\/wp-content\/uploads\/2025\/02\/Banana-Yoshimoto2-1024x695-1.webp\" class=\"attachment-large size-large wp-image-1724\" alt=\"\" srcset=\"https:\/\/tso-art.com\/wp-content\/uploads\/2025\/02\/Banana-Yoshimoto2-1024x695-1.webp 1024w, https:\/\/tso-art.com\/wp-content\/uploads\/2025\/02\/Banana-Yoshimoto2-1024x695-1-300x204.webp 300w, https:\/\/tso-art.com\/wp-content\/uploads\/2025\/02\/Banana-Yoshimoto2-1024x695-1-768x521.webp 768w\" sizes=\"(max-width: 800px) 100vw, 800px\" \/>\t\t\t\t\t\t\t\t\t\t\t\t\t\t\t<\/div>\n\t\t\t\t<\/div>\n\t\t\t\t\t<\/div>\n\t\t\t\t<\/div>\n\t\t<div class=\"elementor-element elementor-element-694d1d1 e-flex e-con-boxed e-con e-parent\" data-id=\"694d1d1\" data-element_type=\"container\" data-e-type=\"container\">\n\t\t\t\t\t<div class=\"e-con-inner\">\n\t\t\t\t<div class=\"elementor-element elementor-element-bd19bfb elementor-widget elementor-widget-text-editor\" data-id=\"bd19bfb\" data-element_type=\"widget\" data-e-type=\"widget\" data-widget_type=\"text-editor.default\">\n\t\t\t\t<div class=\"elementor-widget-container\">\n\t\t\t\t\t\t\t\t\t<h6>Banana Yoshimoto in ogni suo racconto si distingue per una scrittura essenziale e introspettiva, capace di evocare emozioni profonde con pochi tocchi. Il suo stile \u00e8 semplice ma carico di simbolismo, riflettendo l\u2019influenza della cultura giapponese contemporanea e della letteratura occidentale, in particolare quella di Raymond Carver e Truman Capote.<\/h6><h6><em>Kitchen<\/em> \u00e8 un romanzo che affronta il dolore della perdita senza mai cadere nel patetismo, preferendo invece una narrazione lieve, quasi sospesa, che lascia spazio alla speranza e alla resilienza. Le intense pagine di questo breve racconto esplorano temi importanti come il lutto, la solitudine e la ricerca di calore umano attraverso una narrazione delicata e leggera. La forza del libro sta nella sua capacit\u00e0 di trasformare il dolore in un\u2019occasione di crescita e riscoperta, offrendo al lettore un messaggio di speranza e resistenza. Una lettura consigliata a chi ama le storie intime, evocative e ricche di sentimento.<\/h6>\t\t\t\t\t\t\t\t<\/div>\n\t\t\t\t<\/div>\n\t\t\t\t\t<\/div>\n\t\t\t\t<\/div>\n\t\t<div class=\"elementor-element elementor-element-a4a1957 e-flex e-con-boxed e-con e-parent\" data-id=\"a4a1957\" data-element_type=\"container\" data-e-type=\"container\">\n\t\t\t\t\t<div class=\"e-con-inner\">\n\t\t\t\t<div class=\"elementor-element elementor-element-36b6a46 elementor-widget__width-initial elementor-widget elementor-widget-image\" data-id=\"36b6a46\" data-element_type=\"widget\" data-e-type=\"widget\" data-widget_type=\"image.default\">\n\t\t\t\t<div class=\"elementor-widget-container\">\n\t\t\t\t\t\t\t\t\t\t\t\t\t\t\t<img loading=\"lazy\" decoding=\"async\" width=\"800\" height=\"450\" src=\"https:\/\/tso-art.com\/wp-content\/uploads\/2025\/02\/BAL_4672501-1024x576.webp\" class=\"attachment-large size-large wp-image-1725\" alt=\"\" srcset=\"https:\/\/tso-art.com\/wp-content\/uploads\/2025\/02\/BAL_4672501-1024x576.webp 1024w, https:\/\/tso-art.com\/wp-content\/uploads\/2025\/02\/BAL_4672501-300x169.webp 300w, https:\/\/tso-art.com\/wp-content\/uploads\/2025\/02\/BAL_4672501-768x432.webp 768w, https:\/\/tso-art.com\/wp-content\/uploads\/2025\/02\/BAL_4672501-1536x864.webp 1536w, https:\/\/tso-art.com\/wp-content\/uploads\/2025\/02\/BAL_4672501-2048x1152.webp 2048w\" sizes=\"(max-width: 800px) 100vw, 800px\" \/>\t\t\t\t\t\t\t\t\t\t\t\t\t\t\t<\/div>\n\t\t\t\t<\/div>\n\t\t\t\t\t<\/div>\n\t\t\t\t<\/div>\n\t\t<div class=\"elementor-element elementor-element-a6f0cb6 e-flex e-con-boxed e-con e-parent\" data-id=\"a6f0cb6\" data-element_type=\"container\" data-e-type=\"container\">\n\t\t\t\t\t<div class=\"e-con-inner\">\n\t\t\t\t<div class=\"elementor-element elementor-element-0ca9436 elementor-widget elementor-widget-text-editor\" data-id=\"0ca9436\" data-element_type=\"widget\" data-e-type=\"widget\" data-widget_type=\"text-editor.default\">\n\t\t\t\t<div class=\"elementor-widget-container\">\n\t\t\t\t\t\t\t\t\t<h6>Non tutti sanno, e anche noi di TSO lo abbiamo scoperto molto dopo la lettura del libro, che da questo romanzo\u00a0 \u00e8 stato tratto un adattamento cinematografico. Si tratta di <em><strong>Wo ai chu fang<\/strong><\/em><strong> (<em>Mi piace la cucina<\/em>, 1997)<\/strong>, una produzione di Hong Kong in lingua cantonese, diretta da Ho Yim e vincitrice del Puchon International Fantastic Film Festival. \u00a0<\/h6><h6>Ma chi \u00e8 Banana Yoshimoto? Nata nel 1964 a Tokyo, Banana Yoshimoto (pseudonimo di Mahoko Yoshimoto) \u00e8 una delle scrittrici giapponesi pi\u00f9 celebri della sua generazione. Figlia del filosofo e critico letterario Takaaki Yoshimoto, ha sviluppato fin da giovane un interesse per la letteratura e la cultura pop. Il suo esordio con <em>Kitchen<\/em> le ha valso numerosi premi, tra cui il prestigioso <strong>Kaien<\/strong> <strong>Newcomer<\/strong> <strong>Writers\u2019<\/strong> <strong>Prize<\/strong>, e l\u2019ha consacrata come autrice di fama mondiale.<\/h6><h6>Le sue opere esplorano frequentemente temi come l\u2019amore, la morte, l\u2019identit\u00e0 e la solitudine, con una sensibilit\u00e0 che mescola realismo e atmosfere quasi oniriche. Il suo stile minimalista e delicato, unito a un uso evocativo delle descrizioni, ha reso le sue storie accessibili e amate da un pubblico globale.<\/h6><h6><b>Anche lei \u00e8 una delle scrittrici preferite di TSO, e proprio per questo, nella nostra sezione dedicata ai libri, non mancheranno altre recensioni dei suoi racconti. Per non farvi trovare impreparati, condividiamo con voi la sua bibliografia, in modo che possiate scegliere il racconto che pi\u00f9 vi piace e raccontarci qualcosa sulle emozioni che vi ha suscitato!<\/b><\/h6>\t\t\t\t\t\t\t\t<\/div>\n\t\t\t\t<\/div>\n\t\t\t\t\t<\/div>\n\t\t\t\t<\/div>\n\t\t<div class=\"elementor-element elementor-element-4681c32 e-flex e-con-boxed e-con e-parent\" data-id=\"4681c32\" data-element_type=\"container\" data-e-type=\"container\">\n\t\t\t\t\t<div class=\"e-con-inner\">\n\t\t\t\t<div class=\"elementor-element elementor-element-a28bb16 elementor-widget-divider--view-line elementor-widget elementor-widget-divider\" data-id=\"a28bb16\" data-element_type=\"widget\" data-e-type=\"widget\" data-widget_type=\"divider.default\">\n\t\t\t\t<div class=\"elementor-widget-container\">\n\t\t\t\t\t\t\t<div class=\"elementor-divider\">\n\t\t\t<span class=\"elementor-divider-separator\">\n\t\t\t\t\t\t<\/span>\n\t\t<\/div>\n\t\t\t\t\t\t<\/div>\n\t\t\t\t<\/div>\n\t\t\t\t\t<\/div>\n\t\t\t\t<\/div>\n\t\t<div class=\"elementor-element elementor-element-6ca2d75 e-flex e-con-boxed e-con e-parent\" data-id=\"6ca2d75\" data-element_type=\"container\" data-e-type=\"container\">\n\t\t\t\t\t<div class=\"e-con-inner\">\n\t\t\t\t<div class=\"elementor-element elementor-element-9593c26 elementor-widget elementor-widget-text-editor\" data-id=\"9593c26\" data-element_type=\"widget\" data-e-type=\"widget\" data-widget_type=\"text-editor.default\">\n\t\t\t\t<div class=\"elementor-widget-container\">\n\t\t\t\t\t\t\t\t\t<h6><strong>Tsugumi (TUGUMI, 1989)<\/strong> \u2013 Romanzo sulla complessa amicizia tra due ragazze e il senso di appartenenza.<\/h6><h6><strong>NP (N<\/strong><strong>\u30fb<\/strong><strong>P, 1990)<\/strong> \u2013 Un romanzo misterioso che ruota attorno a un manoscritto inedito e ai legami tra i suoi traduttori.<\/h6><h6><strong>Lucertola (<\/strong><strong>\u3068\u304b\u3052<\/strong><strong>, 1993)<\/strong> \u2013 Raccolta di racconti che esplorano l\u2019amore, la guarigione e la ricerca di s\u00e9.<\/h6><h6><strong>Amrita (<\/strong><strong>\u30a2\u30e0\u30ea\u30bf<\/strong><strong>, 1994)<\/strong> \u2013 Un romanzo pi\u00f9 lungo e introspettivo sui temi della perdita e della memoria.<\/h6><h6><strong>Sonno profondo (<\/strong><strong>\u767d\u6cb3\u591c\u8239<\/strong><strong>, 1998)<\/strong> \u2013 Tre racconti incentrati su donne che vivono tra sogno e realt\u00e0.<\/h6><h6><strong>Hardboiled &amp; Hard Luck (<\/strong><strong>\u30cf\u30fc\u30c9\u30dc\u30a4\u30eb\u30c9<\/strong><strong>\/<\/strong><strong>\u30cf\u30fc\u30c9\u30e9\u30c3\u30af<\/strong><strong>, 1999)<\/strong> \u2013 Due storie parallele sulla solitudine e l&#8217;accettazione del dolore.<\/h6><h6><strong>H\/H (2001)<\/strong> \u2013 Un&#8217;opera meno nota, composta da due racconti lunghi con atmosfere surreali.<\/h6><h6><strong>Il corpo sa tutto (<\/strong><strong>\u4f53\u306f\u5168\u90e8\u77e5\u3063\u3066\u3044\u308b<\/strong><strong>, 2000)<\/strong> \u2013 Raccolta di racconti sul rapporto tra corpo e anima.<\/h6><h6><strong>Delfini (<\/strong><strong>\u3068\u304b\u3052<\/strong><strong>, 2002)<\/strong> \u2013 Romanzo che esplora il confine tra sogno e realt\u00e0 attraverso la storia d&#8217;amore tra i protagonisti.<\/h6><h6><strong>Ricordi di un vicolo cieco (<\/strong><strong>\u30c7\u30c3\u30c9\u30a8\u30f3\u30c9\u306e\u601d\u3044\u51fa<\/strong><strong>, 2003)<\/strong> \u2013 Cinque racconti che parlano di amori finiti e nuove possibilit\u00e0.<\/h6><h6><strong>Il lago (<\/strong><strong>\u307f\u305a\u3046\u307f<\/strong><strong>, 2005)<\/strong> \u2013 Un romanzo introspettivo con elementi misteriosi e onirici.<\/h6><h6><strong>Moshi Moshi (<\/strong><strong>\u3082\u3057\u3082\u3057\u4e0b\u5317\u6ca2<\/strong><strong>, 2010)<\/strong> \u2013 Una giovane donna affronta il lutto dopo la morte improvvisa del padre.<\/h6><h6><strong>Andromeda Heights (<\/strong><strong>\u30a2\u30f3\u30c9\u30ed\u30e1\u30c0\u30fb\u30cf\u30a4\u30c4<\/strong><strong>, 2008)<\/strong> \u2013 Primo volume di una serie chiamata <em>Il Regno<\/em>.<\/h6><h6><strong>Chouchou (<\/strong><strong>\u30c1\u30e7\u30a6\u30c1\u30e7\u30a6<\/strong><strong>, 2016)<\/strong> \u2013 Romanzo breve su amore e crescita interiore.<\/h6><h6><strong>Dead-end Memories (<\/strong><strong>\u30c7\u30c3\u30c9\u30a8\u30f3\u30c9\u306e\u601d\u3044\u51fa<\/strong><strong>, 2003, tradotto in inglese nel 2022)<\/strong> \u2013 Storie sulla speranza dopo il dolore.<\/h6><h6><strong>Le strane storie di Fukiage (<\/strong><strong>\u5439\u4e0a\u5947\u8b5a<\/strong><strong>, 2016-2020)<\/strong> \u2013 Serie di racconti con elementi fantastici e spirituali.<\/h6><h6><strong>The Moon and the Doughnuts (<\/strong><strong>\u6708\u3068\u30c9\u30fc\u30ca\u30c4<\/strong><strong>, 2022)<\/strong> \u2013 Uno dei suoi ultimi romanzi.<\/h6><h6><strong>\u00a0<\/strong><\/h6><h6><strong>Kitchen<\/strong> (\u30ad\u30c3\u30c1\u30f3, 1988)<strong> .<\/strong><\/h6><h6><strong>Editore: Feltrinelli collana Universale Economica.<\/strong><\/h6><h6><strong>Lingua: Italiano tradotto da\u00a0 Giorgio Amitrano <\/strong><\/h6><h6><strong>ISBN-10:<\/strong> 9788807884603<\/h6><h6><strong>Sito Web: <a href=\"www.yoshimotobanana.com\/\" target=\"_blank\" rel=\"noopener\">www.yoshimotobanana.com\/<\/a><\/strong><\/h6>\t\t\t\t\t\t\t\t<\/div>\n\t\t\t\t<\/div>\n\t\t\t\t\t<\/div>\n\t\t\t\t<\/div>\n\t\t\t\t<\/div>\n\t\t","protected":false},"excerpt":{"rendered":"<p>Banana Yoshimoto: Kitchen [&#8230;] Per\u00f2 chi nella vita non conosce almeno una volta la disperazione e non capisce quali cose valgano veramente, diventa adulto senza avere mai capito che cosa sia veramente la gioia. Io sono stata fortunata. Kitchen \u00e8 il romanzo d\u2019esordio di Banana Yoshimoto, pubblicato nel 1988 e rapidamente diventato un successo internazionale. [&hellip;]<\/p>\n","protected":false},"author":1,"featured_media":0,"parent":0,"menu_order":0,"comment_status":"closed","ping_status":"closed","template":"","meta":{"_monsterinsights_skip_tracking":false,"_monsterinsights_sitenote_active":false,"_monsterinsights_sitenote_note":"","_monsterinsights_sitenote_category":0,"footnotes":""},"class_list":["post-1717","page","type-page","status-publish","hentry"],"aioseo_notices":[],"_links":{"self":[{"href":"https:\/\/tso-art.com\/index.php?rest_route=\/wp\/v2\/pages\/1717","targetHints":{"allow":["GET"]}}],"collection":[{"href":"https:\/\/tso-art.com\/index.php?rest_route=\/wp\/v2\/pages"}],"about":[{"href":"https:\/\/tso-art.com\/index.php?rest_route=\/wp\/v2\/types\/page"}],"author":[{"embeddable":true,"href":"https:\/\/tso-art.com\/index.php?rest_route=\/wp\/v2\/users\/1"}],"replies":[{"embeddable":true,"href":"https:\/\/tso-art.com\/index.php?rest_route=%2Fwp%2Fv2%2Fcomments&post=1717"}],"version-history":[{"count":5,"href":"https:\/\/tso-art.com\/index.php?rest_route=\/wp\/v2\/pages\/1717\/revisions"}],"predecessor-version":[{"id":1728,"href":"https:\/\/tso-art.com\/index.php?rest_route=\/wp\/v2\/pages\/1717\/revisions\/1728"}],"wp:attachment":[{"href":"https:\/\/tso-art.com\/index.php?rest_route=%2Fwp%2Fv2%2Fmedia&parent=1717"}],"curies":[{"name":"wp","href":"https:\/\/api.w.org\/{rel}","templated":true}]}}